{"id":286,"date":"2016-08-14T20:05:52","date_gmt":"2016-08-14T20:05:52","guid":{"rendered":"http:\/\/tecni-pack.com\/web\/?post_type=product&#038;p=286"},"modified":"2016-08-14T20:12:11","modified_gmt":"2016-08-14T20:12:11","slug":"wiper-o-rascadores-para-guardas-cnc","status":"publish","type":"product","link":"https:\/\/tecni-pack.com\/web\/product\/wiper-o-rascadores-para-guardas-cnc\/","title":{"rendered":"Wiper o Rascadores para Guardas CNC"},"content":{"rendered":"<p><span class=\"textos12\">En Tecni Pack S.A de C.V. nos dedicamos a la fabricaci\u00f3n y reparaci\u00f3n de guardas telesc\u00f3picas met\u00e1licas de diferentes marcas de acuerdo a su necesidad para brindar a usted el mejor de los servicios ya sea a base de una guarda ya existente o fabricada seg\u00fan sus necesidades, asi como tambien Wipers para las bancadas de los equipos CNC en diferentes perfiles y materiales.<br \/>\n<\/span><\/p>\n<ul>\n<li><b>Guardas Retr\u00e1ctil de acero Inoxidable<\/b><\/li>\n<li><strong>Wiper para Guardas de equipo CNC con Refuerzo Metalico<\/strong><\/li>\n<li><strong>Wiper para Guardas de equipo CNC en Poliuretano<br \/>\n<\/strong><\/li>\n<li><strong>Wiper para Guardas de equipo CNC Ahulados<\/strong><\/li>\n<\/ul>\n<p>&nbsp;<\/p>\n","protected":false},"excerpt":{"rendered":"<p>En Tecni Pack S.A de C.V. nos dedicamos a la fabricaci\u00f3n y reparaci\u00f3n de guardas telesc\u00f3picas met\u00e1licas de diferentes marcas de acuerdo a su necesidad para brindar a usted el mejor de los servicios ya sea a base de una guarda ya existente o fabricada seg\u00fan sus necesidades, asi como tambien Wipers para las bancadas [&hellip;]<\/p>\n","protected":false},"author":1,"featured_media":287,"comment_status":"open","ping_status":"closed","template":"","meta":[],"class_list":{"0":"post-286","1":"product","2":"type-product","3":"status-publish","4":"has-post-thumbnail","7":"first","8":"instock","9":"shipping-taxable","10":"product-type-simple"},"_links":{"self":[{"href":"https:\/\/tecni-pack.com\/web\/wp-json\/wp\/v2\/product\/286","targetHints":{"allow":["GET"]}}],"collection":[{"href":"https:\/\/tecni-pack.com\/web\/wp-json\/wp\/v2\/product"}],"about":[{"href":"https:\/\/tecni-pack.com\/web\/wp-json\/wp\/v2\/types\/product"}],"author":[{"embeddable":true,"href":"https:\/\/tecni-pack.com\/web\/wp-json\/wp\/v2\/users\/1"}],"replies":[{"embeddable":true,"href":"https:\/\/tecni-pack.com\/web\/wp-json\/wp\/v2\/comments?post=286"}],"wp:featuredmedia":[{"embeddable":true,"href":"https:\/\/tecni-pack.com\/web\/wp-json\/wp\/v2\/media\/287"}],"wp:attachment":[{"href":"https:\/\/tecni-pack.com\/web\/wp-json\/wp\/v2\/media?parent=286"}],"curies":[{"name":"wp","href":"https:\/\/api.w.org\/{rel}","templated":true}]}}