{"id":275,"date":"2016-08-14T19:21:06","date_gmt":"2016-08-14T19:21:06","guid":{"rendered":"http:\/\/tecni-pack.com\/web\/?post_type=product&#038;p=275"},"modified":"2016-08-15T00:19:56","modified_gmt":"2016-08-15T00:19:56","slug":"sellos-mecanicos","status":"publish","type":"product","link":"https:\/\/tecni-pack.com\/web\/product\/sellos-mecanicos\/","title":{"rendered":"Sellos Mec\u00e1nicos"},"content":{"rendered":"<p>En Tecni Pack S.A de C.V. disponemos de una extensa gama de sellos mec\u00e1nicos para bombas de todo tipo, desde bombas dom\u00e9sticas hasta aplicaciones complejas en bombas de proceso para la industria qu\u00edmica y petroqu\u00edmica. Adem\u00e1s, ofrecemos una amplia l\u00ednea de recambios compatibles con los originales de los principales fabricantes de bombas.<\/p>\n<p>Nuestro cat\u00e1logo tambi\u00e9n incluye sellos mec\u00e1nicos para agitadores y compresores, as\u00ed como sellos de cartucho para procesos industriales de mayor exigencia. Solicitalo enviando un email a <strong>ventas@tecni-pack.com<\/strong><\/p>\n<p><strong>Ademas brindamos el Servicio de la Rehabilitaci\u00f3n de toda marca y tipo de Sello Mec\u00e1nico.<\/strong><\/p>\n<p><img loading=\"lazy\" decoding=\"async\" class=\"alignnone size-full wp-image-334\" src=\"http:\/\/tecni-pack.com\/web\/wp-content\/uploads\/2016\/08\/reparacion-sellos-mecanicos.jpg\" alt=\"reparacion sellos mecanicos\" width=\"345\" height=\"230\" srcset=\"https:\/\/tecni-pack.com\/web\/wp-content\/uploads\/2016\/08\/reparacion-sellos-mecanicos.jpg 345w, https:\/\/tecni-pack.com\/web\/wp-content\/uploads\/2016\/08\/reparacion-sellos-mecanicos-300x200.jpg 300w\" sizes=\"auto, (max-width: 345px) 100vw, 345px\" \/><\/p>\n<p>&nbsp;<\/p>\n<p>&nbsp;<\/p>\n","protected":false},"excerpt":{"rendered":"<p>En Tecni Pack S.A de C.V. disponemos de una extensa gama de sellos mec\u00e1nicos para bombas de todo tipo, desde bombas dom\u00e9sticas hasta aplicaciones complejas en bombas de proceso para la industria qu\u00edmica y petroqu\u00edmica. Adem\u00e1s, ofrecemos una amplia l\u00ednea de recambios compatibles con los originales de los principales fabricantes de bombas. Nuestro cat\u00e1logo tambi\u00e9n [&hellip;]<\/p>\n","protected":false},"author":1,"featured_media":276,"comment_status":"open","ping_status":"closed","template":"","meta":[],"class_list":{"0":"post-275","1":"product","2":"type-product","3":"status-publish","4":"has-post-thumbnail","7":"first","8":"instock","9":"shipping-taxable","10":"product-type-simple"},"_links":{"self":[{"href":"https:\/\/tecni-pack.com\/web\/wp-json\/wp\/v2\/product\/275","targetHints":{"allow":["GET"]}}],"collection":[{"href":"https:\/\/tecni-pack.com\/web\/wp-json\/wp\/v2\/product"}],"about":[{"href":"https:\/\/tecni-pack.com\/web\/wp-json\/wp\/v2\/types\/product"}],"author":[{"embeddable":true,"href":"https:\/\/tecni-pack.com\/web\/wp-json\/wp\/v2\/users\/1"}],"replies":[{"embeddable":true,"href":"https:\/\/tecni-pack.com\/web\/wp-json\/wp\/v2\/comments?post=275"}],"wp:featuredmedia":[{"embeddable":true,"href":"https:\/\/tecni-pack.com\/web\/wp-json\/wp\/v2\/media\/276"}],"wp:attachment":[{"href":"https:\/\/tecni-pack.com\/web\/wp-json\/wp\/v2\/media?parent=275"}],"curies":[{"name":"wp","href":"https:\/\/api.w.org\/{rel}","templated":true}]}}